{"id":18400,"date":"2026-04-01T13:36:45","date_gmt":"2026-04-01T11:36:45","guid":{"rendered":"https:\/\/unedpamplona.es\/?post_type=catedra&#038;p=18400"},"modified":"2026-04-01T13:36:45","modified_gmt":"2026-04-01T11:36:45","slug":"conferencia-emociones-en-personas-transgenero","status":"publish","type":"catedra","link":"https:\/\/unedpamplona.es\/eu\/catedra\/conferencia-emociones-en-personas-transgenero\/","title":{"rendered":"Conferencia \u00abEmociones en personas transg\u00e9nero\u00bb"},"content":{"rendered":"<p>Esta conferencia tratar\u00e1 de las emociones que envuelven a la identidad de g\u00e9nero. \u00bfPor qu\u00e9 las personas sentimos que somos de un g\u00e9nero u otro? \u00bfQu\u00e9 son la disforia y la euforia de g\u00e9nero? \u00bfC\u00f3mo se relaciona la salud mental de las personas transg\u00e9nero con las emociones, y c\u00f3mo afectan a la prevenci\u00f3n de trastornos de salud mental? \u00bfC\u00f3mo cambia la transici\u00f3n la forma en la que se desarrollan los sentimientos y emociones?<\/p>\n<p>Estas y otras preguntas formar\u00e1n parte de una reflexi\u00f3n desde lo acad\u00e9mico y lo cotidiano, para acercar al p\u00fablico la comprensi\u00f3n de la identidad de g\u00e9nero y las emociones que conlleva, a partir de las vivencias reales de personas transg\u00e9nero, y siempre sosteniendo la exposici\u00f3n sobre el rigor de la literatura cient\u00edfica.<\/p>\n<div>Lugar y fechas<\/div>\n<div class=\"cajasActividad\">\n<div class=\"cuadro bcolor_c1\">\n<ul>\n<li>16 de abril de 2026, de 19:00 a 20:30 h.<\/li>\n<li>AULA MAGNA UNED Pamplona<\/li>\n<\/ul>\n<\/div>\n<div class=\"cuadro_verde bcolor_a1\">\n<dl id=\"\">\n<dt><span class=\"ponente\">Imparte: Guillermo Jim\u00e9nez Cant\u00f3n<\/span>\u00a0<span class=\"cargo\"><span class=\"cargo_ponente\">Especialista en metodolog\u00eda y an\u00e1lisis de datos, con formaci\u00f3n de doctorado en ciencias biom\u00e9dicas y salud p\u00fablica por la UNED.<\/span><\/span><\/dt>\n<dt><\/dt>\n<dt>Online o presencial<\/dt>\n<\/dl>\n<\/div>\n<\/div>\n","protected":false},"featured_media":18251,"template":"","tipo_de_recurso":[],"yoast_head":"<!-- This site is optimized with the Yoast SEO plugin v22.5 - https:\/\/yoast.com\/wordpress\/plugins\/seo\/ -->\n<title>Conferencia \u00abEmociones en personas transg\u00e9nero\u00bb - UNED Pamplona<\/title>\n<meta name=\"robots\" content=\"index, follow, max-snippet:-1, max-image-preview:large, max-video-preview:-1\" \/>\n<link rel=\"canonical\" href=\"https:\/\/unedpamplona.es\/eu\/catedra\/conferencia-emociones-en-personas-transgenero\/\" \/>\n<meta property=\"og:locale\" content=\"eu_ES\" \/>\n<meta property=\"og:type\" content=\"article\" \/>\n<meta property=\"og:title\" content=\"Conferencia \u00abEmociones en personas transg\u00e9nero\u00bb - UNED Pamplona\" \/>\n<meta property=\"og:description\" content=\"Esta conferencia tratar\u00e1 de las emociones que envuelven a la identidad de g\u00e9nero. \u00bfPor qu\u00e9 las personas sentimos que somos de un g\u00e9nero u otro? \u00bfQu\u00e9 son la disforia y la euforia de g\u00e9nero? \u00bfC\u00f3mo se relaciona la salud mental de las personas transg\u00e9nero con las emociones, y c\u00f3mo afectan a la prevenci\u00f3n de trastornos [&hellip;]\" \/>\n<meta property=\"og:url\" content=\"https:\/\/unedpamplona.es\/eu\/catedra\/conferencia-emociones-en-personas-transgenero\/\" \/>\n<meta property=\"og:site_name\" content=\"UNED Pamplona\" \/>\n<meta property=\"og:image\" content=\"https:\/\/unedpamplona.es\/wp-content\/uploads\/2026\/03\/Emocionespersonastrasngenero.peg_.jpeg\" \/>\n\t<meta property=\"og:image:width\" content=\"1031\" \/>\n\t<meta property=\"og:image:height\" content=\"488\" \/>\n\t<meta property=\"og:image:type\" content=\"image\/jpeg\" \/>\n<meta name=\"twitter:card\" content=\"summary_large_image\" \/>\n<meta name=\"twitter:site\" content=\"@unedpamplona\" \/>\n<meta name=\"twitter:label1\" content=\"Est. reading time\" \/>\n\t<meta name=\"twitter:data1\" content=\"1 minute\" \/>\n<script type=\"application\/ld+json\" class=\"yoast-schema-graph\">{\"@context\":\"https:\/\/schema.org\",\"@graph\":[{\"@type\":\"WebPage\",\"@id\":\"https:\/\/unedpamplona.es\/eu\/catedra\/conferencia-emociones-en-personas-transgenero\/\",\"url\":\"https:\/\/unedpamplona.es\/eu\/catedra\/conferencia-emociones-en-personas-transgenero\/\",\"name\":\"Conferencia \u00abEmociones en personas transg\u00e9nero\u00bb - UNED Pamplona\",\"isPartOf\":{\"@id\":\"https:\/\/unedpamplona.es\/eu\/#website\"},\"primaryImageOfPage\":{\"@id\":\"https:\/\/unedpamplona.es\/eu\/catedra\/conferencia-emociones-en-personas-transgenero\/#primaryimage\"},\"image\":{\"@id\":\"https:\/\/unedpamplona.es\/eu\/catedra\/conferencia-emociones-en-personas-transgenero\/#primaryimage\"},\"thumbnailUrl\":\"https:\/\/unedpamplona.es\/wp-content\/uploads\/2026\/03\/Emocionespersonastrasngenero.peg_.jpeg\",\"datePublished\":\"2026-04-01T11:36:45+00:00\",\"dateModified\":\"2026-04-01T11:36:45+00:00\",\"inLanguage\":\"eu-ES\",\"potentialAction\":[{\"@type\":\"ReadAction\",\"target\":[\"https:\/\/unedpamplona.es\/eu\/catedra\/conferencia-emociones-en-personas-transgenero\/\"]}]},{\"@type\":\"ImageObject\",\"inLanguage\":\"eu-ES\",\"@id\":\"https:\/\/unedpamplona.es\/eu\/catedra\/conferencia-emociones-en-personas-transgenero\/#primaryimage\",\"url\":\"https:\/\/unedpamplona.es\/wp-content\/uploads\/2026\/03\/Emocionespersonastrasngenero.peg_.jpeg\",\"contentUrl\":\"https:\/\/unedpamplona.es\/wp-content\/uploads\/2026\/03\/Emocionespersonastrasngenero.peg_.jpeg\",\"width\":1031,\"height\":488},{\"@type\":\"WebSite\",\"@id\":\"https:\/\/unedpamplona.es\/eu\/#website\",\"url\":\"https:\/\/unedpamplona.es\/eu\/\",\"name\":\"UNED Pamplona\",\"description\":\"\",\"publisher\":{\"@id\":\"https:\/\/unedpamplona.es\/eu\/#organization\"},\"potentialAction\":[{\"@type\":\"SearchAction\",\"target\":{\"@type\":\"EntryPoint\",\"urlTemplate\":\"https:\/\/unedpamplona.es\/eu\/?s={search_term_string}\"},\"query-input\":\"required name=search_term_string\"}],\"inLanguage\":\"eu-ES\"},{\"@type\":\"Organization\",\"@id\":\"https:\/\/unedpamplona.es\/eu\/#organization\",\"name\":\"UNED Pamplona\",\"url\":\"https:\/\/unedpamplona.es\/eu\/\",\"logo\":{\"@type\":\"ImageObject\",\"inLanguage\":\"eu-ES\",\"@id\":\"https:\/\/unedpamplona.es\/eu\/#\/schema\/logo\/image\/\",\"url\":\"https:\/\/unedpamplona.es\/wp-content\/uploads\/2024\/02\/uned_pamplona_logo.png\",\"contentUrl\":\"https:\/\/unedpamplona.es\/wp-content\/uploads\/2024\/02\/uned_pamplona_logo.png\",\"width\":218,\"height\":104,\"caption\":\"UNED Pamplona\"},\"image\":{\"@id\":\"https:\/\/unedpamplona.es\/eu\/#\/schema\/logo\/image\/\"},\"sameAs\":[\"https:\/\/x.com\/unedpamplona\",\"https:\/\/www.youtube.com\/channel\/UCR2jc6TbCMAPnbcA17Z0wwg\",\"https:\/\/www.instagram.com\/unedpamplona\/\"]}]}<\/script>\n<!-- \/ Yoast SEO plugin. -->","yoast_head_json":{"title":"Conferencia \u00abEmociones en personas transg\u00e9nero\u00bb - UNED Pamplona","robots":{"index":"index","follow":"follow","max-snippet":"max-snippet:-1","max-image-preview":"max-image-preview:large","max-video-preview":"max-video-preview:-1"},"canonical":"https:\/\/unedpamplona.es\/eu\/catedra\/conferencia-emociones-en-personas-transgenero\/","og_locale":"eu_ES","og_type":"article","og_title":"Conferencia \u00abEmociones en personas transg\u00e9nero\u00bb - UNED Pamplona","og_description":"Esta conferencia tratar\u00e1 de las emociones que envuelven a la identidad de g\u00e9nero. \u00bfPor qu\u00e9 las personas sentimos que somos de un g\u00e9nero u otro? \u00bfQu\u00e9 son la disforia y la euforia de g\u00e9nero? \u00bfC\u00f3mo se relaciona la salud mental de las personas transg\u00e9nero con las emociones, y c\u00f3mo afectan a la prevenci\u00f3n de trastornos [&hellip;]","og_url":"https:\/\/unedpamplona.es\/eu\/catedra\/conferencia-emociones-en-personas-transgenero\/","og_site_name":"UNED Pamplona","og_image":[{"width":1031,"height":488,"url":"https:\/\/unedpamplona.es\/wp-content\/uploads\/2026\/03\/Emocionespersonastrasngenero.peg_.jpeg","type":"image\/jpeg"}],"twitter_card":"summary_large_image","twitter_site":"@unedpamplona","twitter_misc":{"Est. reading time":"1 minute"},"schema":{"@context":"https:\/\/schema.org","@graph":[{"@type":"WebPage","@id":"https:\/\/unedpamplona.es\/eu\/catedra\/conferencia-emociones-en-personas-transgenero\/","url":"https:\/\/unedpamplona.es\/eu\/catedra\/conferencia-emociones-en-personas-transgenero\/","name":"Conferencia \u00abEmociones en personas transg\u00e9nero\u00bb - UNED Pamplona","isPartOf":{"@id":"https:\/\/unedpamplona.es\/eu\/#website"},"primaryImageOfPage":{"@id":"https:\/\/unedpamplona.es\/eu\/catedra\/conferencia-emociones-en-personas-transgenero\/#primaryimage"},"image":{"@id":"https:\/\/unedpamplona.es\/eu\/catedra\/conferencia-emociones-en-personas-transgenero\/#primaryimage"},"thumbnailUrl":"https:\/\/unedpamplona.es\/wp-content\/uploads\/2026\/03\/Emocionespersonastrasngenero.peg_.jpeg","datePublished":"2026-04-01T11:36:45+00:00","dateModified":"2026-04-01T11:36:45+00:00","inLanguage":"eu-ES","potentialAction":[{"@type":"ReadAction","target":["https:\/\/unedpamplona.es\/eu\/catedra\/conferencia-emociones-en-personas-transgenero\/"]}]},{"@type":"ImageObject","inLanguage":"eu-ES","@id":"https:\/\/unedpamplona.es\/eu\/catedra\/conferencia-emociones-en-personas-transgenero\/#primaryimage","url":"https:\/\/unedpamplona.es\/wp-content\/uploads\/2026\/03\/Emocionespersonastrasngenero.peg_.jpeg","contentUrl":"https:\/\/unedpamplona.es\/wp-content\/uploads\/2026\/03\/Emocionespersonastrasngenero.peg_.jpeg","width":1031,"height":488},{"@type":"WebSite","@id":"https:\/\/unedpamplona.es\/eu\/#website","url":"https:\/\/unedpamplona.es\/eu\/","name":"UNED Pamplona","description":"","publisher":{"@id":"https:\/\/unedpamplona.es\/eu\/#organization"},"potentialAction":[{"@type":"SearchAction","target":{"@type":"EntryPoint","urlTemplate":"https:\/\/unedpamplona.es\/eu\/?s={search_term_string}"},"query-input":"required name=search_term_string"}],"inLanguage":"eu-ES"},{"@type":"Organization","@id":"https:\/\/unedpamplona.es\/eu\/#organization","name":"UNED Pamplona","url":"https:\/\/unedpamplona.es\/eu\/","logo":{"@type":"ImageObject","inLanguage":"eu-ES","@id":"https:\/\/unedpamplona.es\/eu\/#\/schema\/logo\/image\/","url":"https:\/\/unedpamplona.es\/wp-content\/uploads\/2024\/02\/uned_pamplona_logo.png","contentUrl":"https:\/\/unedpamplona.es\/wp-content\/uploads\/2024\/02\/uned_pamplona_logo.png","width":218,"height":104,"caption":"UNED Pamplona"},"image":{"@id":"https:\/\/unedpamplona.es\/eu\/#\/schema\/logo\/image\/"},"sameAs":["https:\/\/x.com\/unedpamplona","https:\/\/www.youtube.com\/channel\/UCR2jc6TbCMAPnbcA17Z0wwg","https:\/\/www.instagram.com\/unedpamplona\/"]}]}},"_links":{"self":[{"href":"https:\/\/unedpamplona.es\/eu\/wp-json\/wp\/v2\/catedra\/18400"}],"collection":[{"href":"https:\/\/unedpamplona.es\/eu\/wp-json\/wp\/v2\/catedra"}],"about":[{"href":"https:\/\/unedpamplona.es\/eu\/wp-json\/wp\/v2\/types\/catedra"}],"wp:featuredmedia":[{"embeddable":true,"href":"https:\/\/unedpamplona.es\/eu\/wp-json\/wp\/v2\/media\/18251"}],"wp:attachment":[{"href":"https:\/\/unedpamplona.es\/eu\/wp-json\/wp\/v2\/media?parent=18400"}],"wp:term":[{"taxonomy":"tipo_de_recurso","embeddable":true,"href":"https:\/\/unedpamplona.es\/eu\/wp-json\/wp\/v2\/tipo_de_recurso?post=18400"}],"curies":[{"name":"wp","href":"https:\/\/api.w.org\/{rel}","templated":true}]}}

Conferencia «Emociones en personas transgénero»

<p>Esta conferencia tratará de las emociones que envuelven a la identidad de género. ¿Por qué las personas sentimos que somos de un género u otro? ¿Qué son la disforia y la euforia de género? ¿Cómo se relaciona la salud mental de las personas transgénero con las emociones, y cómo afectan a la prevención de trastornos de salud mental? ¿Cómo cambia la transición la forma en la que se desarrollan los sentimientos y emociones?</p>
<p>Estas y otras preguntas formarán parte de una reflexión desde lo académico y lo cotidiano, para acercar al público la comprensión de la identidad de género y las emociones que conlleva, a partir de las vivencias reales de personas transgénero, y siempre sosteniendo la exposición sobre el rigor de la literatura científica.</p>
<div>Lugar y fechas</div>
<div class="cajasActividad">
<div class="cuadro bcolor_c1">
<ul>
<li>16 de abril de 2026, de 19:00 a 20:30 h.</li>
<li>AULA MAGNA UNED Pamplona</li>
</ul>
</div>
<div class="cuadro_verde bcolor_a1">
<dl id="">
<dt><span class="ponente">Imparte: Guillermo Jiménez Cantón</span> <span class="cargo"><span class="cargo_ponente">Especialista en metodología y análisis de datos, con formación de doctorado en ciencias biomédicas y salud pública por la UNED.</span></span></dt>
<dt></dt>
<dt>Online o presencial</dt>
</dl>
</div>
</div>

<!-- This site is optimized with the Yoast SEO plugin v22.5 - https://yoast.com/wordpress/plugins/seo/ -->
<title>Conferencia «Emociones en personas transgénero» - UNED Pamplona</title>
<meta name="robots" content="index, follow, max-snippet:-1, max-image-preview:large, max-video-preview:-1" />
<link rel="canonical" href="https://unedpamplona.es/eu/catedra/conferencia-emociones-en-personas-transgenero/" />
<meta property="og:locale" content="eu_ES" />
<meta property="og:type" content="article" />
<meta property="og:title" content="Conferencia «Emociones en personas transgénero» - UNED Pamplona" />
<meta property="og:description" content="Esta conferencia tratará de las emociones que envuelven a la identidad de género. ¿Por qué las personas sentimos que somos de un género u otro? ¿Qué son la disforia y la euforia de género? ¿Cómo se relaciona la salud mental de las personas transgénero con las emociones, y cómo afectan a la prevención de trastornos [&hellip;]" />
<meta property="og:url" content="https://unedpamplona.es/eu/catedra/conferencia-emociones-en-personas-transgenero/" />
<meta property="og:site_name" content="UNED Pamplona" />
<meta property="og:image" content="https://unedpamplona.es/wp-content/uploads/2026/03/Emocionespersonastrasngenero.peg_.jpeg" />
	<meta property="og:image:width" content="1031" />
	<meta property="og:image:height" content="488" />
	<meta property="og:image:type" content="image/jpeg" />
<meta name="twitter:card" content="summary_large_image" />
<meta name="twitter:site" content="@unedpamplona" />
<meta name="twitter:label1" content="Est. reading time" />
	<meta name="twitter:data1" content="1 minute" />
<script type="application/ld+json" class="yoast-schema-graph">{"@context":"https://schema.org","@graph":[{"@type":"WebPage","@id":"https://unedpamplona.es/eu/catedra/conferencia-emociones-en-personas-transgenero/","url":"https://unedpamplona.es/eu/catedra/conferencia-emociones-en-personas-transgenero/","name":"Conferencia «Emociones en personas transgénero» - UNED Pamplona","isPartOf":{"@id":"https://unedpamplona.es/eu/#website"},"primaryImageOfPage":{"@id":"https://unedpamplona.es/eu/catedra/conferencia-emociones-en-personas-transgenero/#primaryimage"},"image":{"@id":"https://unedpamplona.es/eu/catedra/conferencia-emociones-en-personas-transgenero/#primaryimage"},"thumbnailUrl":"https://unedpamplona.es/wp-content/uploads/2026/03/Emocionespersonastrasngenero.peg_.jpeg","datePublished":"2026-04-01T11:36:45+00:00","dateModified":"2026-04-01T11:36:45+00:00","inLanguage":"eu-ES","potentialAction":[{"@type":"ReadAction","target":["https://unedpamplona.es/eu/catedra/conferencia-emociones-en-personas-transgenero/"]}]},{"@type":"ImageObject","inLanguage":"eu-ES","@id":"https://unedpamplona.es/eu/catedra/conferencia-emociones-en-personas-transgenero/#primaryimage","url":"https://unedpamplona.es/wp-content/uploads/2026/03/Emocionespersonastrasngenero.peg_.jpeg","contentUrl":"https://unedpamplona.es/wp-content/uploads/2026/03/Emocionespersonastrasngenero.peg_.jpeg","width":1031,"height":488},{"@type":"WebSite","@id":"https://unedpamplona.es/eu/#website","url":"https://unedpamplona.es/eu/","name":"UNED Pamplona","description":"","publisher":{"@id":"https://unedpamplona.es/eu/#organization"},"potentialAction":[{"@type":"SearchAction","target":{"@type":"EntryPoint","urlTemplate":"https://unedpamplona.es/eu/?s={search_term_string}"},"query-input":"required name=search_term_string"}],"inLanguage":"eu-ES"},{"@type":"Organization","@id":"https://unedpamplona.es/eu/#organization","name":"UNED Pamplona","url":"https://unedpamplona.es/eu/","logo":{"@type":"ImageObject","inLanguage":"eu-ES","@id":"https://unedpamplona.es/eu/#/schema/logo/image/","url":"https://unedpamplona.es/wp-content/uploads/2024/02/uned_pamplona_logo.png","contentUrl":"https://unedpamplona.es/wp-content/uploads/2024/02/uned_pamplona_logo.png","width":218,"height":104,"caption":"UNED Pamplona"},"image":{"@id":"https://unedpamplona.es/eu/#/schema/logo/image/"},"sameAs":["https://x.com/unedpamplona","https://www.youtube.com/channel/UCR2jc6TbCMAPnbcA17Z0wwg","https://www.instagram.com/unedpamplona/"]}]}</script>
<!-- / Yoast SEO plugin. -->

Conferencia «Emociones en personas transgénero» - UNED Pamplona

Esta conferencia tratará de las emociones que envuelven a la identidad de género. ¿Por qué las personas sentimos que somos de un género u otro? ¿Qué son la disforia y la euforia de género? ¿Cómo se relaciona la salud mental de las personas transgénero con las emociones, y cómo afectan a la prevención de trastornos [&hellip;]
