{"id":13454,"date":"2025-09-29T11:07:45","date_gmt":"2025-09-29T09:07:45","guid":{"rendered":"https:\/\/unedpamplona.es\/?post_type=cursos_conferencias&#038;p=13454"},"modified":"2025-09-29T11:08:14","modified_gmt":"2025-09-29T09:08:14","slug":"que-suene-la-magia-de-la-partitura-2025-2026-grupo-2","status":"publish","type":"cursos_conferencias","link":"https:\/\/unedpamplona.es\/eu\/cursos-conferencias\/que-suene-la-magia-de-la-partitura-2025-2026-grupo-2\/","title":{"rendered":"\u00a1Que suene la magia de la partitura! Grupo 2"},"content":{"rendered":"<p>Es un taller pr\u00e1ctico con el que queremos enriquecer a\u00fan m\u00e1s las actividades ofrecidas por la UNED en el \u00e1mbito musical. Este taller coloca la partitura en el centro del conocimiento para introducirnos de una manera proactiva y din\u00e1mica en el aprendizaje musical de sus participantes: desde la comprensi\u00f3n de qu\u00e9 es un pentagrama, los compases y las notas musicales alcanzaremos a descifrar la magia del sonido. Leer y comprender una partitura, primero; e interpretar lo que en ella ha escrito el compositor es nuestro objetivo. Dejarnos envolver por el lenguaje musical, que es la fuente de la interpretaci\u00f3n, para expresarnos con sentido y emoci\u00f3n; porque entendemos lo que su autor quiso expresar en su composici\u00f3n. Conocer el lenguaje musical supone, por tanto, no s\u00f3lo entender una partitura, sino tambi\u00e9n, de forma consecuente, empatizar con la m\u00fasica a un nivel superior y maximizar sus aptitudes musicales. Todo ello, adem\u00e1s, contribuye en otro \u00e1mbito a alcanzar altas cotas de satisfacci\u00f3n y beneficio, tanto a nivel personal como grupal.<\/p>\n","protected":false},"featured_media":13455,"template":"","tipo_de_recurso":[],"yoast_head":"<!-- This site is optimized with the Yoast SEO plugin v22.5 - https:\/\/yoast.com\/wordpress\/plugins\/seo\/ -->\n<title>\u00a1Que suene la magia de la partitura! Grupo 2 - UNED Pamplona<\/title>\n<meta name=\"robots\" content=\"index, follow, max-snippet:-1, max-image-preview:large, max-video-preview:-1\" \/>\n<link rel=\"canonical\" href=\"https:\/\/unedpamplona.es\/eu\/cursos-conferencias\/que-suene-la-magia-de-la-partitura-2025-2026-grupo-2\/\" \/>\n<meta property=\"og:locale\" content=\"eu_ES\" \/>\n<meta property=\"og:type\" content=\"article\" \/>\n<meta property=\"og:title\" content=\"\u00a1Que suene la magia de la partitura! Grupo 2 - UNED Pamplona\" \/>\n<meta property=\"og:description\" content=\"Es un taller pr\u00e1ctico con el que queremos enriquecer a\u00fan m\u00e1s las actividades ofrecidas por la UNED en el \u00e1mbito musical. Este taller coloca la partitura en el centro del conocimiento para introducirnos de una manera proactiva y din\u00e1mica en el aprendizaje musical de sus participantes: desde la comprensi\u00f3n de qu\u00e9 es un pentagrama, los [&hellip;]\" \/>\n<meta property=\"og:url\" content=\"https:\/\/unedpamplona.es\/eu\/cursos-conferencias\/que-suene-la-magia-de-la-partitura-2025-2026-grupo-2\/\" \/>\n<meta property=\"og:site_name\" content=\"UNED Pamplona\" \/>\n<meta property=\"article:modified_time\" content=\"2025-09-29T09:08:14+00:00\" \/>\n<meta property=\"og:image\" content=\"https:\/\/unedpamplona.es\/wp-content\/uploads\/2025\/09\/Partituras-1.jpeg\" \/>\n\t<meta property=\"og:image:width\" content=\"1249\" \/>\n\t<meta property=\"og:image:height\" content=\"484\" \/>\n\t<meta property=\"og:image:type\" content=\"image\/jpeg\" \/>\n<meta name=\"twitter:card\" content=\"summary_large_image\" \/>\n<meta name=\"twitter:site\" content=\"@unedpamplona\" \/>\n<meta name=\"twitter:label1\" content=\"Est. reading time\" \/>\n\t<meta name=\"twitter:data1\" content=\"1 minute\" \/>\n<script type=\"application\/ld+json\" class=\"yoast-schema-graph\">{\"@context\":\"https:\/\/schema.org\",\"@graph\":[{\"@type\":\"WebPage\",\"@id\":\"https:\/\/unedpamplona.es\/eu\/cursos-conferencias\/que-suene-la-magia-de-la-partitura-2025-2026-grupo-2\/\",\"url\":\"https:\/\/unedpamplona.es\/eu\/cursos-conferencias\/que-suene-la-magia-de-la-partitura-2025-2026-grupo-2\/\",\"name\":\"\u00a1Que suene la magia de la partitura! Grupo 2 - UNED Pamplona\",\"isPartOf\":{\"@id\":\"https:\/\/unedpamplona.es\/eu\/#website\"},\"primaryImageOfPage\":{\"@id\":\"https:\/\/unedpamplona.es\/eu\/cursos-conferencias\/que-suene-la-magia-de-la-partitura-2025-2026-grupo-2\/#primaryimage\"},\"image\":{\"@id\":\"https:\/\/unedpamplona.es\/eu\/cursos-conferencias\/que-suene-la-magia-de-la-partitura-2025-2026-grupo-2\/#primaryimage\"},\"thumbnailUrl\":\"https:\/\/unedpamplona.es\/wp-content\/uploads\/2025\/09\/Partituras-1.jpeg\",\"datePublished\":\"2025-09-29T09:07:45+00:00\",\"dateModified\":\"2025-09-29T09:08:14+00:00\",\"inLanguage\":\"eu-ES\",\"potentialAction\":[{\"@type\":\"ReadAction\",\"target\":[\"https:\/\/unedpamplona.es\/eu\/cursos-conferencias\/que-suene-la-magia-de-la-partitura-2025-2026-grupo-2\/\"]}]},{\"@type\":\"ImageObject\",\"inLanguage\":\"eu-ES\",\"@id\":\"https:\/\/unedpamplona.es\/eu\/cursos-conferencias\/que-suene-la-magia-de-la-partitura-2025-2026-grupo-2\/#primaryimage\",\"url\":\"https:\/\/unedpamplona.es\/wp-content\/uploads\/2025\/09\/Partituras-1.jpeg\",\"contentUrl\":\"https:\/\/unedpamplona.es\/wp-content\/uploads\/2025\/09\/Partituras-1.jpeg\",\"width\":1249,\"height\":484},{\"@type\":\"WebSite\",\"@id\":\"https:\/\/unedpamplona.es\/eu\/#website\",\"url\":\"https:\/\/unedpamplona.es\/eu\/\",\"name\":\"UNED Pamplona\",\"description\":\"\",\"publisher\":{\"@id\":\"https:\/\/unedpamplona.es\/eu\/#organization\"},\"potentialAction\":[{\"@type\":\"SearchAction\",\"target\":{\"@type\":\"EntryPoint\",\"urlTemplate\":\"https:\/\/unedpamplona.es\/eu\/?s={search_term_string}\"},\"query-input\":\"required name=search_term_string\"}],\"inLanguage\":\"eu-ES\"},{\"@type\":\"Organization\",\"@id\":\"https:\/\/unedpamplona.es\/eu\/#organization\",\"name\":\"UNED Pamplona\",\"url\":\"https:\/\/unedpamplona.es\/eu\/\",\"logo\":{\"@type\":\"ImageObject\",\"inLanguage\":\"eu-ES\",\"@id\":\"https:\/\/unedpamplona.es\/eu\/#\/schema\/logo\/image\/\",\"url\":\"https:\/\/unedpamplona.es\/wp-content\/uploads\/2024\/02\/uned_pamplona_logo.png\",\"contentUrl\":\"https:\/\/unedpamplona.es\/wp-content\/uploads\/2024\/02\/uned_pamplona_logo.png\",\"width\":218,\"height\":104,\"caption\":\"UNED Pamplona\"},\"image\":{\"@id\":\"https:\/\/unedpamplona.es\/eu\/#\/schema\/logo\/image\/\"},\"sameAs\":[\"https:\/\/x.com\/unedpamplona\",\"https:\/\/www.youtube.com\/channel\/UCR2jc6TbCMAPnbcA17Z0wwg\",\"https:\/\/www.instagram.com\/unedpamplona\/\"]}]}<\/script>\n<!-- \/ Yoast SEO plugin. -->","yoast_head_json":{"title":"\u00a1Que suene la magia de la partitura! Grupo 2 - UNED Pamplona","robots":{"index":"index","follow":"follow","max-snippet":"max-snippet:-1","max-image-preview":"max-image-preview:large","max-video-preview":"max-video-preview:-1"},"canonical":"https:\/\/unedpamplona.es\/eu\/cursos-conferencias\/que-suene-la-magia-de-la-partitura-2025-2026-grupo-2\/","og_locale":"eu_ES","og_type":"article","og_title":"\u00a1Que suene la magia de la partitura! Grupo 2 - UNED Pamplona","og_description":"Es un taller pr\u00e1ctico con el que queremos enriquecer a\u00fan m\u00e1s las actividades ofrecidas por la UNED en el \u00e1mbito musical. Este taller coloca la partitura en el centro del conocimiento para introducirnos de una manera proactiva y din\u00e1mica en el aprendizaje musical de sus participantes: desde la comprensi\u00f3n de qu\u00e9 es un pentagrama, los [&hellip;]","og_url":"https:\/\/unedpamplona.es\/eu\/cursos-conferencias\/que-suene-la-magia-de-la-partitura-2025-2026-grupo-2\/","og_site_name":"UNED Pamplona","article_modified_time":"2025-09-29T09:08:14+00:00","og_image":[{"width":1249,"height":484,"url":"https:\/\/unedpamplona.es\/wp-content\/uploads\/2025\/09\/Partituras-1.jpeg","type":"image\/jpeg"}],"twitter_card":"summary_large_image","twitter_site":"@unedpamplona","twitter_misc":{"Est. reading time":"1 minute"},"schema":{"@context":"https:\/\/schema.org","@graph":[{"@type":"WebPage","@id":"https:\/\/unedpamplona.es\/eu\/cursos-conferencias\/que-suene-la-magia-de-la-partitura-2025-2026-grupo-2\/","url":"https:\/\/unedpamplona.es\/eu\/cursos-conferencias\/que-suene-la-magia-de-la-partitura-2025-2026-grupo-2\/","name":"\u00a1Que suene la magia de la partitura! Grupo 2 - UNED Pamplona","isPartOf":{"@id":"https:\/\/unedpamplona.es\/eu\/#website"},"primaryImageOfPage":{"@id":"https:\/\/unedpamplona.es\/eu\/cursos-conferencias\/que-suene-la-magia-de-la-partitura-2025-2026-grupo-2\/#primaryimage"},"image":{"@id":"https:\/\/unedpamplona.es\/eu\/cursos-conferencias\/que-suene-la-magia-de-la-partitura-2025-2026-grupo-2\/#primaryimage"},"thumbnailUrl":"https:\/\/unedpamplona.es\/wp-content\/uploads\/2025\/09\/Partituras-1.jpeg","datePublished":"2025-09-29T09:07:45+00:00","dateModified":"2025-09-29T09:08:14+00:00","inLanguage":"eu-ES","potentialAction":[{"@type":"ReadAction","target":["https:\/\/unedpamplona.es\/eu\/cursos-conferencias\/que-suene-la-magia-de-la-partitura-2025-2026-grupo-2\/"]}]},{"@type":"ImageObject","inLanguage":"eu-ES","@id":"https:\/\/unedpamplona.es\/eu\/cursos-conferencias\/que-suene-la-magia-de-la-partitura-2025-2026-grupo-2\/#primaryimage","url":"https:\/\/unedpamplona.es\/wp-content\/uploads\/2025\/09\/Partituras-1.jpeg","contentUrl":"https:\/\/unedpamplona.es\/wp-content\/uploads\/2025\/09\/Partituras-1.jpeg","width":1249,"height":484},{"@type":"WebSite","@id":"https:\/\/unedpamplona.es\/eu\/#website","url":"https:\/\/unedpamplona.es\/eu\/","name":"UNED Pamplona","description":"","publisher":{"@id":"https:\/\/unedpamplona.es\/eu\/#organization"},"potentialAction":[{"@type":"SearchAction","target":{"@type":"EntryPoint","urlTemplate":"https:\/\/unedpamplona.es\/eu\/?s={search_term_string}"},"query-input":"required name=search_term_string"}],"inLanguage":"eu-ES"},{"@type":"Organization","@id":"https:\/\/unedpamplona.es\/eu\/#organization","name":"UNED Pamplona","url":"https:\/\/unedpamplona.es\/eu\/","logo":{"@type":"ImageObject","inLanguage":"eu-ES","@id":"https:\/\/unedpamplona.es\/eu\/#\/schema\/logo\/image\/","url":"https:\/\/unedpamplona.es\/wp-content\/uploads\/2024\/02\/uned_pamplona_logo.png","contentUrl":"https:\/\/unedpamplona.es\/wp-content\/uploads\/2024\/02\/uned_pamplona_logo.png","width":218,"height":104,"caption":"UNED Pamplona"},"image":{"@id":"https:\/\/unedpamplona.es\/eu\/#\/schema\/logo\/image\/"},"sameAs":["https:\/\/x.com\/unedpamplona","https:\/\/www.youtube.com\/channel\/UCR2jc6TbCMAPnbcA17Z0wwg","https:\/\/www.instagram.com\/unedpamplona\/"]}]}},"_links":{"self":[{"href":"https:\/\/unedpamplona.es\/eu\/wp-json\/wp\/v2\/cursos_conferencias\/13454"}],"collection":[{"href":"https:\/\/unedpamplona.es\/eu\/wp-json\/wp\/v2\/cursos_conferencias"}],"about":[{"href":"https:\/\/unedpamplona.es\/eu\/wp-json\/wp\/v2\/types\/cursos_conferencias"}],"version-history":[{"count":2,"href":"https:\/\/unedpamplona.es\/eu\/wp-json\/wp\/v2\/cursos_conferencias\/13454\/revisions"}],"predecessor-version":[{"id":13458,"href":"https:\/\/unedpamplona.es\/eu\/wp-json\/wp\/v2\/cursos_conferencias\/13454\/revisions\/13458"}],"wp:featuredmedia":[{"embeddable":true,"href":"https:\/\/unedpamplona.es\/eu\/wp-json\/wp\/v2\/media\/13455"}],"wp:attachment":[{"href":"https:\/\/unedpamplona.es\/eu\/wp-json\/wp\/v2\/media?parent=13454"}],"wp:term":[{"taxonomy":"tipo_de_recurso","embeddable":true,"href":"https:\/\/unedpamplona.es\/eu\/wp-json\/wp\/v2\/tipo_de_recurso?post=13454"}],"curies":[{"name":"wp","href":"https:\/\/api.w.org\/{rel}","templated":true}]}}

<p>Es un taller práctico con el que queremos enriquecer aún más las actividades ofrecidas por la UNED en el ámbito musical. Este taller coloca la partitura en el centro del conocimiento para introducirnos de una manera proactiva y dinámica en el aprendizaje musical de sus participantes: desde la comprensión de qué es un pentagrama, los compases y las notas musicales alcanzaremos a descifrar la magia del sonido. Leer y comprender una partitura, primero; e interpretar lo que en ella ha escrito el compositor es nuestro objetivo. Dejarnos envolver por el lenguaje musical, que es la fuente de la interpretación, para expresarnos con sentido y emoción; porque entendemos lo que su autor quiso expresar en su composición. Conocer el lenguaje musical supone, por tanto, no sólo entender una partitura, sino también, de forma consecuente, empatizar con la música a un nivel superior y maximizar sus aptitudes musicales. Todo ello, además, contribuye en otro ámbito a alcanzar altas cotas de satisfacción y beneficio, tanto a nivel personal como grupal.</p>

<!-- This site is optimized with the Yoast SEO plugin v22.5 - https://yoast.com/wordpress/plugins/seo/ -->
<title>¡Que suene la magia de la partitura! Grupo 2 - UNED Pamplona</title>
<meta name="robots" content="index, follow, max-snippet:-1, max-image-preview:large, max-video-preview:-1" />
<link rel="canonical" href="https://unedpamplona.es/eu/cursos-conferencias/que-suene-la-magia-de-la-partitura-2025-2026-grupo-2/" />
<meta property="og:locale" content="eu_ES" />
<meta property="og:type" content="article" />
<meta property="og:title" content="¡Que suene la magia de la partitura! Grupo 2 - UNED Pamplona" />
<meta property="og:description" content="Es un taller práctico con el que queremos enriquecer aún más las actividades ofrecidas por la UNED en el ámbito musical. Este taller coloca la partitura en el centro del conocimiento para introducirnos de una manera proactiva y dinámica en el aprendizaje musical de sus participantes: desde la comprensión de qué es un pentagrama, los [&hellip;]" />
<meta property="og:url" content="https://unedpamplona.es/eu/cursos-conferencias/que-suene-la-magia-de-la-partitura-2025-2026-grupo-2/" />
<meta property="og:site_name" content="UNED Pamplona" />
<meta property="article:modified_time" content="2025-09-29T09:08:14+00:00" />
<meta property="og:image" content="https://unedpamplona.es/wp-content/uploads/2025/09/Partituras-1.jpeg" />
	<meta property="og:image:width" content="1249" />
	<meta property="og:image:height" content="484" />
	<meta property="og:image:type" content="image/jpeg" />
<meta name="twitter:card" content="summary_large_image" />
<meta name="twitter:site" content="@unedpamplona" />
<meta name="twitter:label1" content="Est. reading time" />
	<meta name="twitter:data1" content="1 minute" />
<script type="application/ld+json" class="yoast-schema-graph">{"@context":"https://schema.org","@graph":[{"@type":"WebPage","@id":"https://unedpamplona.es/eu/cursos-conferencias/que-suene-la-magia-de-la-partitura-2025-2026-grupo-2/","url":"https://unedpamplona.es/eu/cursos-conferencias/que-suene-la-magia-de-la-partitura-2025-2026-grupo-2/","name":"¡Que suene la magia de la partitura! Grupo 2 - UNED Pamplona","isPartOf":{"@id":"https://unedpamplona.es/eu/#website"},"primaryImageOfPage":{"@id":"https://unedpamplona.es/eu/cursos-conferencias/que-suene-la-magia-de-la-partitura-2025-2026-grupo-2/#primaryimage"},"image":{"@id":"https://unedpamplona.es/eu/cursos-conferencias/que-suene-la-magia-de-la-partitura-2025-2026-grupo-2/#primaryimage"},"thumbnailUrl":"https://unedpamplona.es/wp-content/uploads/2025/09/Partituras-1.jpeg","datePublished":"2025-09-29T09:07:45+00:00","dateModified":"2025-09-29T09:08:14+00:00","inLanguage":"eu-ES","potentialAction":[{"@type":"ReadAction","target":["https://unedpamplona.es/eu/cursos-conferencias/que-suene-la-magia-de-la-partitura-2025-2026-grupo-2/"]}]},{"@type":"ImageObject","inLanguage":"eu-ES","@id":"https://unedpamplona.es/eu/cursos-conferencias/que-suene-la-magia-de-la-partitura-2025-2026-grupo-2/#primaryimage","url":"https://unedpamplona.es/wp-content/uploads/2025/09/Partituras-1.jpeg","contentUrl":"https://unedpamplona.es/wp-content/uploads/2025/09/Partituras-1.jpeg","width":1249,"height":484},{"@type":"WebSite","@id":"https://unedpamplona.es/eu/#website","url":"https://unedpamplona.es/eu/","name":"UNED Pamplona","description":"","publisher":{"@id":"https://unedpamplona.es/eu/#organization"},"potentialAction":[{"@type":"SearchAction","target":{"@type":"EntryPoint","urlTemplate":"https://unedpamplona.es/eu/?s={search_term_string}"},"query-input":"required name=search_term_string"}],"inLanguage":"eu-ES"},{"@type":"Organization","@id":"https://unedpamplona.es/eu/#organization","name":"UNED Pamplona","url":"https://unedpamplona.es/eu/","logo":{"@type":"ImageObject","inLanguage":"eu-ES","@id":"https://unedpamplona.es/eu/#/schema/logo/image/","url":"https://unedpamplona.es/wp-content/uploads/2024/02/uned_pamplona_logo.png","contentUrl":"https://unedpamplona.es/wp-content/uploads/2024/02/uned_pamplona_logo.png","width":218,"height":104,"caption":"UNED Pamplona"},"image":{"@id":"https://unedpamplona.es/eu/#/schema/logo/image/"},"sameAs":["https://x.com/unedpamplona","https://www.youtube.com/channel/UCR2jc6TbCMAPnbcA17Z0wwg","https://www.instagram.com/unedpamplona/"]}]}</script>
<!-- / Yoast SEO plugin. -->

Es un taller práctico con el que queremos enriquecer aún más las actividades ofrecidas por la UNED en el ámbito musical. Este taller coloca la partitura en el centro del conocimiento para introducirnos de una manera proactiva y dinámica en el aprendizaje musical de sus participantes: desde la comprensión de qué es un pentagrama, los [&hellip;]
