{"id":17075,"date":"2026-02-12T10:29:08","date_gmt":"2026-02-12T09:29:08","guid":{"rendered":"https:\/\/unedpamplona.es\/?post_type=cursos_conferencias&#038;p=17075"},"modified":"2026-03-12T12:13:18","modified_gmt":"2026-03-12T11:13:18","slug":"el-fragil-equilibrio-internacional-en-la-segunda-era-trump","status":"publish","type":"cursos_conferencias","link":"https:\/\/unedpamplona.es\/eu\/cursos-conferencias\/el-fragil-equilibrio-internacional-en-la-segunda-era-trump\/","title":{"rendered":"\u00abEl fr\u00e1gil equilibrio internacional en la segunda Era Trump\u00bb"},"content":{"rendered":"<p>Esta actividad forma parte de una serie de\u00a0<strong>encuentros que celebraremos en la UNED Pamplona a lo largo del curso<\/strong>, espacios pensados para mantenernos conectados con la actualidad, con las personas que la construyen, con los hitos que marcan nuestro tiempo y con la historia que nos da perspectiva. Ser\u00e1n momentos de di\u00e1logo, reflexi\u00f3n y aprendizaje compartido, abiertos a mirar el presente con curiosidad y esp\u00edritu cr\u00edtico.<\/p>\n<p>La conferencia\u00a0<strong>\u00abEl fr\u00e1gil equilibrio internacional en la segunda Era Trump\u00bb<\/strong>\u00a0tendr\u00e1 lugar el\u00a0<strong>lunes, 23 de marzo, a partir de las 18:00 horas en el aula magna de UNED Pamplona.<\/strong>\u00a0Tambi\u00e9n se podr\u00e1 seguir en formato On Line. Ser\u00e1 impartida por el\u00a0<strong>consultor pol\u00edtico y de innovaci\u00f3n social, Manuel Rodr\u00edguez.<\/strong>\u00a0Tambi\u00e9n es CEO de C\u00e1mara C\u00edvica, polit\u00f3logo y licenciado en Derecho por la Universidad Pablo de Olavide. M\u00e1ster en Liderazgo Pol\u00edtico y Social por la Universidad Carlos III de Madrid y titulado en Direcci\u00f3n de Empresas para Emprendedores en Econom\u00eda Social por la Escuela de Econom\u00eda Social.<\/p>\n<p>La\u00a0<a href=\"https:\/\/extension.uned.es\/actividad\/idactividad\/50695\"><strong>matr\u00edcula es gratuita<\/strong><\/a>\u00a0previa inscripci\u00f3n hasta cubrir el aforo.<\/p>\n<p>En la charla\u00a0<strong>analizar\u00e1 el primer a\u00f1o del segundo gobierno de Donald Trump para comprender transformaciones recientes en las democracias occidentales y en el sistema internacional.<\/strong>\u00a0La sesi\u00f3n pretende examinar su estilo de liderazgo, su relaci\u00f3n con las instituciones y los equilibrios entre poderes, as\u00ed como los efectos de estas din\u00e1micas sobre la calidad democr\u00e1tica y la confianza en las reglas del juego.<\/p>\n<p>Se trabajar\u00e1n conceptos como\u00a0<strong>populismo,<\/strong>\u00a0polarizaci\u00f3n, personalizaci\u00f3n del poder, presidencialismo fuerte y\u00a0<strong>tensiones entre legalidad y legitimidad.<\/strong><\/p>\n<p>Asimismo, el an\u00e1lisis incorporar\u00e1 la\u00a0<strong>pol\u00edtica exterior estadounidense,<\/strong>\u00a0atendiendo al cuestionamiento del multilateralismo, las fricciones con aliados tradicionales y la evoluci\u00f3n de la competencia estrat\u00e9gica con China. Casos como el expansionismo sobre Groenlandia, Panam\u00e1 o Venezuela se analizar\u00e1n como indicadores de un giro en el sistema internacional, provocando reacciones en el resto de actores globales como Rusia o la Uni\u00f3n Europea. Se estudiar\u00e1 c\u00f3mo estas decisiones afectan al orden internacional liberal y a la capacidad de los organismos multilaterales para gestionar conflictos globales. Un eje central ser\u00e1 el\u00a0<strong>impacto de determinadas pol\u00edticas sobre derechos humanos,<\/strong>\u00a0especialmente en materia migratoria, seguridad, derechos civiles y libertades p\u00fablicas.<\/p>\n<p>El objetivo es ofrecer\u00a0<strong>herramientas anal\u00edticas para entender procesos estructurales m\u00e1s all\u00e1 de la figura individual del presidente<\/strong>. La sesi\u00f3n propone un\u00a0<strong>espacio de reflexi\u00f3n cr\u00edtica, debate informado y construcci\u00f3n colectiva de preguntas<\/strong>, y, por tanto, est\u00e1 dirigida al\u00a0<strong>p\u00fablico general,<\/strong>\u00a0con un enfoque\u00a0<strong>accesible, riguroso y pedag\u00f3gico<\/strong>. Una invitaci\u00f3n a pensar qu\u00e9 revela este periodo sobre las vulnerabilidades y desaf\u00edos de las democracias contempor\u00e1neas.<\/p>\n","protected":false},"featured_media":17073,"template":"","tipo_de_recurso":[9],"yoast_head":"<!-- This site is optimized with the Yoast SEO plugin v22.5 - https:\/\/yoast.com\/wordpress\/plugins\/seo\/ -->\n<title>\u00abEl fr\u00e1gil equilibrio internacional en la segunda Era Trump\u00bb - UNED Pamplona<\/title>\n<meta name=\"description\" content=\"Conferencia \u00abEl fr\u00e1gil equilibrio internacional en la segunda Era Trump\u00bb\" \/>\n<meta name=\"robots\" content=\"index, follow, max-snippet:-1, max-image-preview:large, max-video-preview:-1\" \/>\n<link rel=\"canonical\" href=\"https:\/\/unedpamplona.es\/eu\/cursos-conferencias\/el-fragil-equilibrio-internacional-en-la-segunda-era-trump\/\" \/>\n<meta property=\"og:locale\" content=\"eu_ES\" \/>\n<meta property=\"og:type\" content=\"article\" \/>\n<meta property=\"og:title\" content=\"\u00abEl fr\u00e1gil equilibrio internacional en la segunda Era Trump\u00bb - UNED Pamplona\" \/>\n<meta property=\"og:description\" content=\"Conferencia \u00abEl fr\u00e1gil equilibrio internacional en la segunda Era Trump\u00bb\" \/>\n<meta property=\"og:url\" content=\"https:\/\/unedpamplona.es\/eu\/cursos-conferencias\/el-fragil-equilibrio-internacional-en-la-segunda-era-trump\/\" \/>\n<meta property=\"og:site_name\" content=\"UNED Pamplona\" \/>\n<meta property=\"article:modified_time\" content=\"2026-03-12T11:13:18+00:00\" \/>\n<meta property=\"og:image\" content=\"https:\/\/unedpamplona.es\/wp-content\/uploads\/2026\/02\/Diseno-sin-titulo-41.png\" \/>\n\t<meta property=\"og:image:width\" content=\"1400\" \/>\n\t<meta property=\"og:image:height\" content=\"500\" \/>\n\t<meta property=\"og:image:type\" content=\"image\/png\" \/>\n<meta name=\"twitter:card\" content=\"summary_large_image\" \/>\n<meta name=\"twitter:site\" content=\"@unedpamplona\" \/>\n<meta name=\"twitter:label1\" content=\"Est. reading time\" \/>\n\t<meta name=\"twitter:data1\" content=\"3 minutes\" \/>\n<script type=\"application\/ld+json\" class=\"yoast-schema-graph\">{\"@context\":\"https:\/\/schema.org\",\"@graph\":[{\"@type\":\"WebPage\",\"@id\":\"https:\/\/unedpamplona.es\/eu\/cursos-conferencias\/el-fragil-equilibrio-internacional-en-la-segunda-era-trump\/\",\"url\":\"https:\/\/unedpamplona.es\/eu\/cursos-conferencias\/el-fragil-equilibrio-internacional-en-la-segunda-era-trump\/\",\"name\":\"\u00abEl fr\u00e1gil equilibrio internacional en la segunda Era Trump\u00bb - UNED Pamplona\",\"isPartOf\":{\"@id\":\"https:\/\/unedpamplona.es\/eu\/#website\"},\"primaryImageOfPage\":{\"@id\":\"https:\/\/unedpamplona.es\/eu\/cursos-conferencias\/el-fragil-equilibrio-internacional-en-la-segunda-era-trump\/#primaryimage\"},\"image\":{\"@id\":\"https:\/\/unedpamplona.es\/eu\/cursos-conferencias\/el-fragil-equilibrio-internacional-en-la-segunda-era-trump\/#primaryimage\"},\"thumbnailUrl\":\"https:\/\/unedpamplona.es\/wp-content\/uploads\/2026\/02\/Diseno-sin-titulo-41.png\",\"datePublished\":\"2026-02-12T09:29:08+00:00\",\"dateModified\":\"2026-03-12T11:13:18+00:00\",\"description\":\"Conferencia \u00abEl fr\u00e1gil equilibrio internacional en la segunda Era Trump\u00bb\",\"inLanguage\":\"eu-ES\",\"potentialAction\":[{\"@type\":\"ReadAction\",\"target\":[\"https:\/\/unedpamplona.es\/eu\/cursos-conferencias\/el-fragil-equilibrio-internacional-en-la-segunda-era-trump\/\"]}]},{\"@type\":\"ImageObject\",\"inLanguage\":\"eu-ES\",\"@id\":\"https:\/\/unedpamplona.es\/eu\/cursos-conferencias\/el-fragil-equilibrio-internacional-en-la-segunda-era-trump\/#primaryimage\",\"url\":\"https:\/\/unedpamplona.es\/wp-content\/uploads\/2026\/02\/Diseno-sin-titulo-41.png\",\"contentUrl\":\"https:\/\/unedpamplona.es\/wp-content\/uploads\/2026\/02\/Diseno-sin-titulo-41.png\",\"width\":1400,\"height\":500},{\"@type\":\"WebSite\",\"@id\":\"https:\/\/unedpamplona.es\/eu\/#website\",\"url\":\"https:\/\/unedpamplona.es\/eu\/\",\"name\":\"UNED Pamplona\",\"description\":\"\",\"publisher\":{\"@id\":\"https:\/\/unedpamplona.es\/eu\/#organization\"},\"potentialAction\":[{\"@type\":\"SearchAction\",\"target\":{\"@type\":\"EntryPoint\",\"urlTemplate\":\"https:\/\/unedpamplona.es\/eu\/?s={search_term_string}\"},\"query-input\":\"required name=search_term_string\"}],\"inLanguage\":\"eu-ES\"},{\"@type\":\"Organization\",\"@id\":\"https:\/\/unedpamplona.es\/eu\/#organization\",\"name\":\"UNED Pamplona\",\"url\":\"https:\/\/unedpamplona.es\/eu\/\",\"logo\":{\"@type\":\"ImageObject\",\"inLanguage\":\"eu-ES\",\"@id\":\"https:\/\/unedpamplona.es\/eu\/#\/schema\/logo\/image\/\",\"url\":\"https:\/\/unedpamplona.es\/wp-content\/uploads\/2024\/02\/uned_pamplona_logo.png\",\"contentUrl\":\"https:\/\/unedpamplona.es\/wp-content\/uploads\/2024\/02\/uned_pamplona_logo.png\",\"width\":218,\"height\":104,\"caption\":\"UNED Pamplona\"},\"image\":{\"@id\":\"https:\/\/unedpamplona.es\/eu\/#\/schema\/logo\/image\/\"},\"sameAs\":[\"https:\/\/x.com\/unedpamplona\",\"https:\/\/www.youtube.com\/channel\/UCR2jc6TbCMAPnbcA17Z0wwg\",\"https:\/\/www.instagram.com\/unedpamplona\/\"]}]}<\/script>\n<!-- \/ Yoast SEO plugin. -->","yoast_head_json":{"title":"\u00abEl fr\u00e1gil equilibrio internacional en la segunda Era Trump\u00bb - UNED Pamplona","description":"Conferencia \u00abEl fr\u00e1gil equilibrio internacional en la segunda Era Trump\u00bb","robots":{"index":"index","follow":"follow","max-snippet":"max-snippet:-1","max-image-preview":"max-image-preview:large","max-video-preview":"max-video-preview:-1"},"canonical":"https:\/\/unedpamplona.es\/eu\/cursos-conferencias\/el-fragil-equilibrio-internacional-en-la-segunda-era-trump\/","og_locale":"eu_ES","og_type":"article","og_title":"\u00abEl fr\u00e1gil equilibrio internacional en la segunda Era Trump\u00bb - UNED Pamplona","og_description":"Conferencia \u00abEl fr\u00e1gil equilibrio internacional en la segunda Era Trump\u00bb","og_url":"https:\/\/unedpamplona.es\/eu\/cursos-conferencias\/el-fragil-equilibrio-internacional-en-la-segunda-era-trump\/","og_site_name":"UNED Pamplona","article_modified_time":"2026-03-12T11:13:18+00:00","og_image":[{"width":1400,"height":500,"url":"https:\/\/unedpamplona.es\/wp-content\/uploads\/2026\/02\/Diseno-sin-titulo-41.png","type":"image\/png"}],"twitter_card":"summary_large_image","twitter_site":"@unedpamplona","twitter_misc":{"Est. reading time":"3 minutes"},"schema":{"@context":"https:\/\/schema.org","@graph":[{"@type":"WebPage","@id":"https:\/\/unedpamplona.es\/eu\/cursos-conferencias\/el-fragil-equilibrio-internacional-en-la-segunda-era-trump\/","url":"https:\/\/unedpamplona.es\/eu\/cursos-conferencias\/el-fragil-equilibrio-internacional-en-la-segunda-era-trump\/","name":"\u00abEl fr\u00e1gil equilibrio internacional en la segunda Era Trump\u00bb - UNED Pamplona","isPartOf":{"@id":"https:\/\/unedpamplona.es\/eu\/#website"},"primaryImageOfPage":{"@id":"https:\/\/unedpamplona.es\/eu\/cursos-conferencias\/el-fragil-equilibrio-internacional-en-la-segunda-era-trump\/#primaryimage"},"image":{"@id":"https:\/\/unedpamplona.es\/eu\/cursos-conferencias\/el-fragil-equilibrio-internacional-en-la-segunda-era-trump\/#primaryimage"},"thumbnailUrl":"https:\/\/unedpamplona.es\/wp-content\/uploads\/2026\/02\/Diseno-sin-titulo-41.png","datePublished":"2026-02-12T09:29:08+00:00","dateModified":"2026-03-12T11:13:18+00:00","description":"Conferencia \u00abEl fr\u00e1gil equilibrio internacional en la segunda Era Trump\u00bb","inLanguage":"eu-ES","potentialAction":[{"@type":"ReadAction","target":["https:\/\/unedpamplona.es\/eu\/cursos-conferencias\/el-fragil-equilibrio-internacional-en-la-segunda-era-trump\/"]}]},{"@type":"ImageObject","inLanguage":"eu-ES","@id":"https:\/\/unedpamplona.es\/eu\/cursos-conferencias\/el-fragil-equilibrio-internacional-en-la-segunda-era-trump\/#primaryimage","url":"https:\/\/unedpamplona.es\/wp-content\/uploads\/2026\/02\/Diseno-sin-titulo-41.png","contentUrl":"https:\/\/unedpamplona.es\/wp-content\/uploads\/2026\/02\/Diseno-sin-titulo-41.png","width":1400,"height":500},{"@type":"WebSite","@id":"https:\/\/unedpamplona.es\/eu\/#website","url":"https:\/\/unedpamplona.es\/eu\/","name":"UNED Pamplona","description":"","publisher":{"@id":"https:\/\/unedpamplona.es\/eu\/#organization"},"potentialAction":[{"@type":"SearchAction","target":{"@type":"EntryPoint","urlTemplate":"https:\/\/unedpamplona.es\/eu\/?s={search_term_string}"},"query-input":"required name=search_term_string"}],"inLanguage":"eu-ES"},{"@type":"Organization","@id":"https:\/\/unedpamplona.es\/eu\/#organization","name":"UNED Pamplona","url":"https:\/\/unedpamplona.es\/eu\/","logo":{"@type":"ImageObject","inLanguage":"eu-ES","@id":"https:\/\/unedpamplona.es\/eu\/#\/schema\/logo\/image\/","url":"https:\/\/unedpamplona.es\/wp-content\/uploads\/2024\/02\/uned_pamplona_logo.png","contentUrl":"https:\/\/unedpamplona.es\/wp-content\/uploads\/2024\/02\/uned_pamplona_logo.png","width":218,"height":104,"caption":"UNED Pamplona"},"image":{"@id":"https:\/\/unedpamplona.es\/eu\/#\/schema\/logo\/image\/"},"sameAs":["https:\/\/x.com\/unedpamplona","https:\/\/www.youtube.com\/channel\/UCR2jc6TbCMAPnbcA17Z0wwg","https:\/\/www.instagram.com\/unedpamplona\/"]}]}},"_links":{"self":[{"href":"https:\/\/unedpamplona.es\/eu\/wp-json\/wp\/v2\/cursos_conferencias\/17075"}],"collection":[{"href":"https:\/\/unedpamplona.es\/eu\/wp-json\/wp\/v2\/cursos_conferencias"}],"about":[{"href":"https:\/\/unedpamplona.es\/eu\/wp-json\/wp\/v2\/types\/cursos_conferencias"}],"version-history":[{"count":4,"href":"https:\/\/unedpamplona.es\/eu\/wp-json\/wp\/v2\/cursos_conferencias\/17075\/revisions"}],"predecessor-version":[{"id":17756,"href":"https:\/\/unedpamplona.es\/eu\/wp-json\/wp\/v2\/cursos_conferencias\/17075\/revisions\/17756"}],"wp:featuredmedia":[{"embeddable":true,"href":"https:\/\/unedpamplona.es\/eu\/wp-json\/wp\/v2\/media\/17073"}],"wp:attachment":[{"href":"https:\/\/unedpamplona.es\/eu\/wp-json\/wp\/v2\/media?parent=17075"}],"wp:term":[{"taxonomy":"tipo_de_recurso","embeddable":true,"href":"https:\/\/unedpamplona.es\/eu\/wp-json\/wp\/v2\/tipo_de_recurso?post=17075"}],"curies":[{"name":"wp","href":"https:\/\/api.w.org\/{rel}","templated":true}]}}

«El frágil equilibrio internacional en la segunda Era Trump»

<p>Esta actividad forma parte de una serie de <strong>encuentros que celebraremos en la UNED Pamplona a lo largo del curso</strong>, espacios pensados para mantenernos conectados con la actualidad, con las personas que la construyen, con los hitos que marcan nuestro tiempo y con la historia que nos da perspectiva. Serán momentos de diálogo, reflexión y aprendizaje compartido, abiertos a mirar el presente con curiosidad y espíritu crítico.</p>
<p>La conferencia <strong>«El frágil equilibrio internacional en la segunda Era Trump»</strong> tendrá lugar el <strong>lunes, 23 de marzo, a partir de las 18:00 horas en el aula magna de UNED Pamplona.</strong> También se podrá seguir en formato On Line. Será impartida por el <strong>consultor político y de innovación social, Manuel Rodríguez.</strong> También es CEO de Cámara Cívica, politólogo y licenciado en Derecho por la Universidad Pablo de Olavide. Máster en Liderazgo Político y Social por la Universidad Carlos III de Madrid y titulado en Dirección de Empresas para Emprendedores en Economía Social por la Escuela de Economía Social.</p>
<p>La <a href="https://extension.uned.es/actividad/idactividad/50695"><strong>matrícula es gratuita</strong></a> previa inscripción hasta cubrir el aforo.</p>
<p>En la charla <strong>analizará el primer año del segundo gobierno de Donald Trump para comprender transformaciones recientes en las democracias occidentales y en el sistema internacional.</strong> La sesión pretende examinar su estilo de liderazgo, su relación con las instituciones y los equilibrios entre poderes, así como los efectos de estas dinámicas sobre la calidad democrática y la confianza en las reglas del juego.</p>
<p>Se trabajarán conceptos como <strong>populismo,</strong> polarización, personalización del poder, presidencialismo fuerte y <strong>tensiones entre legalidad y legitimidad.</strong></p>
<p>Asimismo, el análisis incorporará la <strong>política exterior estadounidense,</strong> atendiendo al cuestionamiento del multilateralismo, las fricciones con aliados tradicionales y la evolución de la competencia estratégica con China. Casos como el expansionismo sobre Groenlandia, Panamá o Venezuela se analizarán como indicadores de un giro en el sistema internacional, provocando reacciones en el resto de actores globales como Rusia o la Unión Europea. Se estudiará cómo estas decisiones afectan al orden internacional liberal y a la capacidad de los organismos multilaterales para gestionar conflictos globales. Un eje central será el <strong>impacto de determinadas políticas sobre derechos humanos,</strong> especialmente en materia migratoria, seguridad, derechos civiles y libertades públicas.</p>
<p>El objetivo es ofrecer <strong>herramientas analíticas para entender procesos estructurales más allá de la figura individual del presidente</strong>. La sesión propone un <strong>espacio de reflexión crítica, debate informado y construcción colectiva de preguntas</strong>, y, por tanto, está dirigida al <strong>público general,</strong> con un enfoque <strong>accesible, riguroso y pedagógico</strong>. Una invitación a pensar qué revela este periodo sobre las vulnerabilidades y desafíos de las democracias contemporáneas.</p>

<!-- This site is optimized with the Yoast SEO plugin v22.5 - https://yoast.com/wordpress/plugins/seo/ -->
<title>«El frágil equilibrio internacional en la segunda Era Trump» - UNED Pamplona</title>
<meta name="description" content="Conferencia «El frágil equilibrio internacional en la segunda Era Trump»" />
<meta name="robots" content="index, follow, max-snippet:-1, max-image-preview:large, max-video-preview:-1" />
<link rel="canonical" href="https://unedpamplona.es/eu/cursos-conferencias/el-fragil-equilibrio-internacional-en-la-segunda-era-trump/" />
<meta property="og:locale" content="eu_ES" />
<meta property="og:type" content="article" />
<meta property="og:title" content="«El frágil equilibrio internacional en la segunda Era Trump» - UNED Pamplona" />
<meta property="og:description" content="Conferencia «El frágil equilibrio internacional en la segunda Era Trump»" />
<meta property="og:url" content="https://unedpamplona.es/eu/cursos-conferencias/el-fragil-equilibrio-internacional-en-la-segunda-era-trump/" />
<meta property="og:site_name" content="UNED Pamplona" />
<meta property="article:modified_time" content="2026-03-12T11:13:18+00:00" />
<meta property="og:image" content="https://unedpamplona.es/wp-content/uploads/2026/02/Diseno-sin-titulo-41.png" />
	<meta property="og:image:width" content="1400" />
	<meta property="og:image:height" content="500" />
	<meta property="og:image:type" content="image/png" />
<meta name="twitter:card" content="summary_large_image" />
<meta name="twitter:site" content="@unedpamplona" />
<meta name="twitter:label1" content="Est. reading time" />
	<meta name="twitter:data1" content="3 minutes" />
<script type="application/ld+json" class="yoast-schema-graph">{"@context":"https://schema.org","@graph":[{"@type":"WebPage","@id":"https://unedpamplona.es/eu/cursos-conferencias/el-fragil-equilibrio-internacional-en-la-segunda-era-trump/","url":"https://unedpamplona.es/eu/cursos-conferencias/el-fragil-equilibrio-internacional-en-la-segunda-era-trump/","name":"«El frágil equilibrio internacional en la segunda Era Trump» - UNED Pamplona","isPartOf":{"@id":"https://unedpamplona.es/eu/#website"},"primaryImageOfPage":{"@id":"https://unedpamplona.es/eu/cursos-conferencias/el-fragil-equilibrio-internacional-en-la-segunda-era-trump/#primaryimage"},"image":{"@id":"https://unedpamplona.es/eu/cursos-conferencias/el-fragil-equilibrio-internacional-en-la-segunda-era-trump/#primaryimage"},"thumbnailUrl":"https://unedpamplona.es/wp-content/uploads/2026/02/Diseno-sin-titulo-41.png","datePublished":"2026-02-12T09:29:08+00:00","dateModified":"2026-03-12T11:13:18+00:00","description":"Conferencia «El frágil equilibrio internacional en la segunda Era Trump»","inLanguage":"eu-ES","potentialAction":[{"@type":"ReadAction","target":["https://unedpamplona.es/eu/cursos-conferencias/el-fragil-equilibrio-internacional-en-la-segunda-era-trump/"]}]},{"@type":"ImageObject","inLanguage":"eu-ES","@id":"https://unedpamplona.es/eu/cursos-conferencias/el-fragil-equilibrio-internacional-en-la-segunda-era-trump/#primaryimage","url":"https://unedpamplona.es/wp-content/uploads/2026/02/Diseno-sin-titulo-41.png","contentUrl":"https://unedpamplona.es/wp-content/uploads/2026/02/Diseno-sin-titulo-41.png","width":1400,"height":500},{"@type":"WebSite","@id":"https://unedpamplona.es/eu/#website","url":"https://unedpamplona.es/eu/","name":"UNED Pamplona","description":"","publisher":{"@id":"https://unedpamplona.es/eu/#organization"},"potentialAction":[{"@type":"SearchAction","target":{"@type":"EntryPoint","urlTemplate":"https://unedpamplona.es/eu/?s={search_term_string}"},"query-input":"required name=search_term_string"}],"inLanguage":"eu-ES"},{"@type":"Organization","@id":"https://unedpamplona.es/eu/#organization","name":"UNED Pamplona","url":"https://unedpamplona.es/eu/","logo":{"@type":"ImageObject","inLanguage":"eu-ES","@id":"https://unedpamplona.es/eu/#/schema/logo/image/","url":"https://unedpamplona.es/wp-content/uploads/2024/02/uned_pamplona_logo.png","contentUrl":"https://unedpamplona.es/wp-content/uploads/2024/02/uned_pamplona_logo.png","width":218,"height":104,"caption":"UNED Pamplona"},"image":{"@id":"https://unedpamplona.es/eu/#/schema/logo/image/"},"sameAs":["https://x.com/unedpamplona","https://www.youtube.com/channel/UCR2jc6TbCMAPnbcA17Z0wwg","https://www.instagram.com/unedpamplona/"]}]}</script>
<!-- / Yoast SEO plugin. -->

«El frágil equilibrio internacional en la segunda Era Trump» - UNED Pamplona

Conferencia «El frágil equilibrio internacional en la segunda Era Trump»
